) - g)/((-4)/16) is divided by 8?
5
Let q be (9/3)/((-45)/570). Let b = q + 50. Calculate the remainder when b is divided by 8.
4
What is the remainder when 1439 is divided by (-18)/(-10)*(-282*6/(-36) - 12)?
53
Let o = -1233 - -1384. Calculate the remainder when o is divided by -2 + 2 + (-114)/(-6).
18
Suppose -134 = -2*j - 40. Let z = -119 + 49. Let f = z - -86. What is the remainder when j is divided by f?
15
Suppose -m - 16*m - 10761 = 0. Let f = m - -728. Calculate the remainder when f is divided by 30.
5
Let c = 286 - 193. Suppose 289 = 16*f - 303. Calculate the remainder when c is divided by f.
19
Let n = -1082 - -1109. What is the remainder when 715/7 + 1/(-7) is divided by n?
21
Suppose -f - 4*b = -61, 0 = 5*f - 34*b + 43*b - 250. Calculate the remainder when 644 is divided by f.
29
Let u be ((-5)/((-40)/13332))/(18/24). Suppose u = 2*d - 5*k, -2*d - 7*k + 2234 = -6*k. Calculate the remainder when d is divided by 43.
41
Suppose 5*l = -0*o - 3*o + 117, l - o - 25 = 0. Suppose l = v + 5. Calculate the remainder when 73 is divided by v.
16
What is the remainder when ((-237)/5)/(41/(-205)) is divided by 18?
3
Let j = -14 - -20. Let r(y) = 8*y + y**3 - 5*y**2 - 2 + 7 - 1. What is the remainder when r(j) is divided by 15?
13
Suppose -3 = -2*q - 4*j + 1, -4*q - 28 = -j. Let m = 14 - q. Let b(p) = 3*p + 34. What is the remainder when b(m) is divided by 25?
19
Let m = -3899 - -4559. What is the remainder when m is divided by 8?
4
Suppose 0 = 12*k + 3359 - 9359. Calculate the remainder when k is divided by 191.
118
Suppose -7*y + 5*y = -8. Suppose 0 = -229*w - 1834 + 14200. What is the remainder when w is divided by y?
2
What is the remainder when 309 is divided by 133 + 8 + -10 + 12?
23
Let k(n) = 25*n**2 - 2*n - 3. Let i = -162 - 2. Let t = i - -236. What is the remainder when t is divided by k(1)?
12
Let v(i) = 79*i + 2. Let t be (31 + -1)/((-10)/(-15)). Suppose 115 + t = 3*y + w, -5*w - 280 = -5*y. What is the remainder when v(2) is divided by y?
52
Suppose 12 = -3*x, -6*x - 1 = 5*y - 2*x. Suppose y = -2*f + 11. Let w(j) = -j**3 + 4*j**2 + 7*j - 5. What is the remainder when 62 is divided by w(f)?
16
Suppose -3*o = 3*u - 1344, -2*u - 3*o + 897 = -0*u. Calculate the remainder when u is divided by 40.
7
Let q be (2/3)/(2/81). Suppose -6*z + q = -45. Let j(w) = -w**2 + 16*w - 1. What is the remainder when j(z) is divided by 16?
15
Let s(n) = -61*n - 51. Suppose 2*g - o + 5 = 0, -10*o - 2 = -12*o. Suppose -2*h + 72 = 2*h. What is the remainder when s(g) is divided by h?
17
Calculate the remainder when 217 is divided by 62 - (2 - 7) - -2.
10
Let v(o) = -14*o**2 - 581*o - 192. Calculate the remainder when 1462 is divided by v(-41).
37
Let b be 5 + (-2 - -6) + -4. Suppose -m - 4*m = -4*x + 96, -3*x + b*m = -77. What is the remainder when 50 is divided by x?
12
Let o = -9347 + 9456. Calculate the remainder when 985 is divided by o.
4
Let z = 617 + -635. Let r(i) = -13*i - 40. Suppose k + 14 = 53. What is the remainder when r(z) is divided by k?
38
Let c = -7708 - -9488. Calculate the remainder when c is divided by 105.
100
Let a(l) = 0*l**3 - 6*l**3 + 30 + 5*l**3 - 143*l + 156*l. What is the remainder when 102 is divided by a(-3)?
12
Suppose 0 = -21*i + 14*i + 2191. Let d = -276 + i. Calculate the remainder when d is divided by 19.
18
Suppose 9073 - 43351 = -245*s + 3942. Calculate the remainder when s is divided by 75.
6
Let c = 295 + -237. Suppose -11*n + 12*n = c. What is the remainder when 165 is divided by n?
49
Suppose 5*v = 3*d + 39, -3*v - 1 = -4*d - 31. Let f = 6 - 2. Suppose -f*s = w + v, 0 = 7*s - 2*s + 20. What is the remainder when 47 is divided by w?
7
Suppose -6*k + 84 = 3*z, 9*z - 11*z - 32 = -4*k. Let j = 102 - 49. Calculate the remainder when j is divided by k.
9
Let d = 23 + -6. Let v = -27 - d. Let m = v + 118. What is the remainder when m is divided by 19?
17
Suppose 19 = z + 9. What is the remainder when -3*(-4 - (-1085)/(-21)) is divided by z?
7
Let w = 116 - 64. Let r(j) = -81*j + 23. What is the remainder when w is divided by r(0)?
6
Suppose -a - 79 = -3*o - 6*a, 2*o = 3*a + 21. Let u be -4 - 6/(-30) - (-1)/(-5). Let k = 32 + u. What is the remainder when k is divided by o?
10
Let y be 3/(33/(-2)) + 2077/(-737). What is the remainder when 24 is divided by y/(4 - 45/10)?
0
Let k(a) = a**3 - 20*a**2 + 29*a - 12. Let q be k(13). Let h = q - -833. Let m(t) = 42*t**2 - t - 1. Calculate the remainder when m(-1) is divided by h.
12
Suppose -84 = 13*c - 25*c. What is the remainder when 178 is divided by c?
3
Suppose -5*f + 2*o - 104 = -395, 4*f - 231 = o. Suppose f = 2*w - 17. Let s = -151 + 222. Calculate the remainder when s is divided by w.
34
Let i(h) = -7*h - 73. Let r be i(-11). Suppose 0 = r*j + z - 300, -24*j + 28*j = 4*z + 280. What is the remainder when 221 is divided by j?
73
Suppose -4*d + 2*u + 41218 = 0, -10*d + 5*u - 30972 = -13*d. Calculate the remainder when d is divided by 7.
5
Suppose -5*f + 20 = 3*t - 0*f, 3*t + f - 4 = 0. Suppose 5*c - 139 + 49 = t. Let q(y) = -5*y**2 - 97*y - 31. Calculate the remainder when c is divided by q(-19).
4
Let i be (-6 - -7)/((-1)/4). Suppose -8*o - 91 = -187. What is the remainder when 36 - (-3)/3*i is divided by o?
8
Let n(o) = 4*o - 11. Let c be n(0). Let l(f) = f**2 + 15*f + 47. What is the remainder when 29 is divided by l(c)?
2
Let h(f) be the third derivative of 1/60*f**5 + 0*f + 5/3*f**3 - 11/24*f**4 + 24*f**2 + 0. What is the remainder when 130 is divided by h(12)?
20
Suppose -4*i + 3*k + 137 = 0, -6*i + 5*k = -i - 175. Let o = i + -29. Let t(z) = -z**3 - 4*z - 3. Calculate the remainder when t(-2) is divided by o.
1
Suppose -11*b + 64 = -57. Let m(n) = -n**2 + 5*n + 5. Let i be m(5). Let y = i - -24. What is the remainder when y is divided by b?
7
Suppose 4*f + 3*y = 57, 2*y = -4*f - 0*y + 58. Suppose w - 5*k = f, -4 = w - 2*k - 16. Calculate the remainder when 169 is divided by w.
9
Suppose -2*f = o - 27, 2*f - 4 = 6. Let i = -12 + o. Suppose 3*c - a - a = 47, -i*c - a = -61. Calculate the remainder when 21 is divided by c.
8
Let v be (63 - -2)*(1 - 0). Let j(w) = -16*w + 114. Let u be j(10). Let b = u + v. What is the remainder when 91 is divided by b?
15
Let j = -1272 + 2709. What is the remainder when j is divided by 72?
69
Suppose 3*f = -o + 167, -f + 648*o = 643*o - 29. Suppose -10*h + 2194 = -476. Calculate the remainder when h is divided by f.
51
Let w(l) be the third derivative of -l**5/60 + l**4 - 73*l**3/6 - 25*l**2. Let f be w(21). Let s = 7 - f. Calculate the remainder when 64 is divided by s.
13
Let d(n) = 2*n**3 - 5*n**2 - 3*n + 3. Suppose 172 = y - 5*m, 2*y = -65*m + 70*m + 364. Calculate the remainder when y is divided by d(4).
36
What is the remainder when 156 is divided by 58/1 + 16/64*12?
34
Let f(l) = l**3 + 15*l**2 + 13*l + 17. Let y = 146 + 37. Calculate the remainder when y is divided by f(-14).
28
Suppose -7*m + 14 - 7 = 0. Let o = 31 + -48. Calculate the remainder when 82 is divided by (m/(-2))/((-2)/o)*-4.
14
Suppose 208*p - 209*p + v + 45 = 0, -5*p + 3*v = -217. What is the remainder when p is divided by (60/18)/(2/15)?
16
Let r = -579 + 659. What is the remainder when ((-2)/(-14)*334)/(r/560) is divided by 67?
66
Let w(l) = 4*l + 292. Let o be w(-40). Suppose o*v - 126 = 111*v. What is the remainder when 177 is divided by v?
3
Suppose 4*u = -2*u - 24. Let n = 272 - 63. What is the remainder when n is divided by -4 + 2 - u - -33?
34
Suppose 0 = 5404*r - 5374*r - 132267 + 49617. Calculate the remainder when r is divided by 53.
52
Let w(h) = -h**3 - 47*h**2 - 129*h + 256. What is the remainder when 491 is divided by w(-44)?
119
Suppose 2*n - 2 = 0, 5*b + 0*n = -3*n + 43. Calculate the remainder when (36/(-8)*3485/(-306))/((-3)/(-12)) is divided by b.
5
Suppose -3*i - 8 = -4*i. Suppose -3*s = 2*m - 7*m + 34, -4*s = -i. Suppose 13*k - 245 = m*k. What is the remainder when k is divided by 17?
15
Let g be (78/65)/((-4)/(-10)). Suppose -z + 303 = g*o + 15, -12 = -4*z. Calculate the remainder when o is divided by 6.
5
Let g be (-129)/(((-102)/28)/17). Calculate the remainder when 125 is divided by (-12)/8*g/(-21).
39
Let d(s) = 3*s - 14. Let v be (1 - 3)/(4/(-16)). Suppose 35 + 2 = 3*y - 5*o, -33 = -2*y + 5*o. Calculate the remainder when d(v) is d